 Let b be 1 - 1 - 2/2. Let s(f) = f + 1. Let j(v) = -2*v + 5. Let t(r) = b*j(r) - 4*s(r). Give t(u).
7
Let y = -132 - -134. Let f(n) = -4 - n - 4*n**y + 2*n + 2*n - 6*n - n**3. Calculate f(-4).
8
Suppose -455 = -4*g + 3*b, 235 = 2*g - 0*g - 3*b. Let s(t) be the first derivative of -t**2 + 108*t - 28 + 2*t**2 - g*t. What is s(4)?
6
Let v(q) = 20*q**3 + q**2 - q - 1. Let l = -14 - -76. Let u = l + -79. Let w = 16 + u. Calculate v(w).
-19
Suppose 0 = -2*g + 14, -2*g = -2*y + 164 - 166. Let p(a) = 12*a - 51. Give p(y).
21
Let y(n) = -10*n + 756 - 5*n**2 - n**2 + n**3 - 753 - 3*n**2. What is y(10)?
3
Suppose 0 = -0*j - 6*j + 126. Let m = j - -16. Suppose m*y = 40*y + 6. Let f(o) = o + 4. Determine f(y).
2
Let v be -6 + 2 + 3 + 10. Let z(o) = 14*o - o - 8 - 6*o - 8*o. Let h(i) = -5*i - 33. Let s(r) = v*z(r) - 2*h(r). Give s(7).
1
Let m(c) be the first derivative of -2*c**2 - 96*c + 2270. Calculate m(-28).
16
Suppose -4*v = -12, 5*v - 20 = -2*d + 3. Let i(k) = k**3 - 4*k**2 - 5*k + 12. Determine i(d).
-8
Let z(k) = -243*k**2 - 40*k - 106. Let j(f) = 334*f**2 + 54*f + 141. Let q(u) = 8*j(u) + 11*z(u). Determine q(-10).
-58
Let y(j) = j**2 - 2*j - 1. Let o(g) = -5*g**2 + 4*g + 6. Let x(l) = 2*o(l) + 9*y(l). Determine x(-12).
-21
Let o(l) = 8*l**3 + 58*l**2 - 17*l - 21. Let d(x) = -23*x**3 - 168*x**2 + 48*x + 62. Let i(w) = 6*d(w) + 17*o(w). What is i(-11)?
26
Let n(g) = g**2 + 6*g - 3. Let u(p) = p**3 - 11*p**2 + 19*p - 5. Let j be u(9). Suppose f + j*f = 10. Let d be 396/(-63) + f/7. Determine n(d).
-3
Let b(n) be the first derivative of 9*n**2/2 + 53*n - 508. Calculate b(-6).
-1
Suppose n = -n - 6. Let u(h) = -3*h**3 - 94*h**2 + 6*h + 8. Let o(x) = x**3 + 37*x**2 - 3*x - 4. Let c(w) = -5*o(w) - 2*u(w). Give c(n).
-5
Let c(a) = -a**2 + 15*a - 15. Let i be c(13). Suppose 15 = -5*n - 4*d, 3*d + 9 = 5*n - i. Let f be 4 - n*(8 + 1). Let m(x) = -x**2 - 7*x - 4. Calculate m(f).
6
Suppose 3*u - i = 33, -78*i - 24 = -82*i. Let y(z) = -z**2 + 9*z + 28. Determine y(u).
-24
Suppose 2*i + 46 - 74 = -3*j, -5*j = 2*i - 28. Let w(g) = -5*g - 12 - 12 + i*g - 6*g. Give w(9).
3
Let p(j) = -3*j - 4. Let h(f) = -f**3 + 2*f**2 - 3*f + 3. Let w = -46 - -27. Let z = -17 - w. Let y be h(z). Calculate p(y).
5
Let k = 2 - 1. Let l(j) = -45*j + 3. Let v be l(0). Let m(r) = 6*r**3 + r**2 + 2*r**3 - r + 1 - 6*r**v + 17*r**3 - 2*r**3. Determine m(k).
18
Suppose -22*k = -19*k + 330. Let m = k - -133. Let i(u) = -3 - 13 - 10*u - 12*u**2 + u**3 + 2 + m*u. Calculate i(11).
8
Let f(g) = g**2 - 5*g - 1. Let l be (-6)/(-9) + (-40)/(-12). Suppose l*a = 9*a + 10. Let d(j) = -j**3 - 2*j**2 - 2*j + 2. Let v be d(a). Give f(v).
5
Let k(a) be the first derivative of -a**2/2 - 22*a + 4155. Determine k(16).
-38
Let l(k) = -k**2 - 11*k - 6. Let d(n) = 99*n + 584. Let t be d(-6). Determine l(t).
4
Let x be 1*(-2 + 0) - -12. Let o(y) = 23*y**3 - 50*y**2 - 14*y - 39. Let d(f) = 39*f**3 - 84*f**2 - 24*f - 66. Let v(i) = -10*d(i) + 17*o(i). Determine v(x).
17
Let m(q) = q**3 - 19*q**2 - 16*q + 1. Let u be (783/(-174))/((-9)/40). Give m(u).
81
Let d(z) be the first derivative of -z**3/3 - 4*z**2 + 12*z + 1. Let y = -315 + 315. Suppose -13*u + 66 - 196 = y. Determine d(u).
-8
Let j(p) be the third derivative of -p**6/120 + p**5/6 + p**4/6 - 7*p**3/2 + 43*p**2 - 27. Calculate j(10).
19
Suppose -11*n + 63 + 69 = -23*n. Let u(i) = -i**3 - 11*i**2 - 4*i - 37. What is u(n)?
7
Let s(f) = 58045 - 58045 + 3*f**2 - f. Give s(-1).
4
Let h(q) = 2*q**2 + 12*q + 29. Let z be (-16)/(-104) + (-140)/65 + -3. Calculate h(z).
19
Let g be 2 - ((-10)/(-25) + 117/(-5)). Let l = 40 + -37. Let o be 3/((-15)/g) + l. Let b(a) = a**2 + 3*a + 1. Give b(o).
-1
Suppose 47 = 34*o - 21. Let d(s) = 2*s - 161 + 4*s**o + 5*s + 168 - 3*s**2. Determine d(-5).
-3
Let m(k) = k**3 + 18*k**2 - 2*k - 10. Let q be m(-18). Let g(v) = -v + q + 0*v + v**3 - 43 + 18. Suppose -3*b + 0*b = 0. Give g(b).
1
Let l(v) = v**3 - 1. Let i(u) = 2*u**3 + 3*u**2 - 7*u + 10. Let g(z) = -i(z) + l(z). What is g(-5)?
4
Let s(m) = 4 + 0 + 0*m**2 + m**2. Let i be -4 + (1 - 1) + 0*(-1)/1. Calculate s(i).
20
Let x(w) = w**2 + 4*w + 9. Let k(y) = y**2 - 14*y - 209. Let a be k(23). Determine x(a).
5
Suppose 8*q - 3*q = 3*s + 8, 24 = s + 5*q. Let a(o) = -2*o**3 + 6*o**2 - 14*o + 6. What is a(s)?
-82
Let w(x) = -x**3 + 3*x**2 + x - 3. Suppose 8*k - 9*k + 5 = 0. Suppose 18 = z + k*o, -4*z + o = -1 - 8. Calculate w(z).
0
Let a(z) = -z**3 + z**2 - z - 3. Let s be -3*(-9)/3 - 6. What is a(s)?
-24
Let l = -281 + 283. Suppose -4*x + 20 = -4*p, 5*x = -p - l*p - 39. Let g(y) = 5*y + 7. Calculate g(p).
-33
Let l(s) = 4*s. Suppose 0 = 12*d - 3*d + 36. Let r be (-410)/d*(-4)/5. Let z = -84 - r. Give l(z).
-8
Let s be ((-665)/(-10))/(-7)*-14. Let y = s + -141. Let g(j) = -j + 2. What is g(y)?
10
Let p(x) = -149*x - 156*x + 120 - 174*x + 497*x. Calculate p(-8).
-24
Let l(d) = -2*d**2 - d. Suppose -5*q - 2*w + 844 = 0, 0 = -3*q + w + 32 + 470. Let z = -169 + q. Calculate l(z).
-1
Let g be 8/(-4) - (1 - -13)/(-2). Suppose b = -m - m + 7, 5*m + 20 = g*b. Let i(y) = -25*y**2 + 23*y**2 - 2*y**3 + y - m + 3*y + 3*y**3. Give i(3).
20
Let o(t) = -t**3 - 6*t**2 + 2*t - 3. Let z(n) = 8*n - 101. Let y be z(12). Give o(y).
-38
Let t(v) = 5*v**3 - 6*v**2 + 17*v - 10. Let u(r) = -r**3 + r**2 - 4*r + 1. Let z(x) = t(x) + 4*u(x). What is z(0)?
-6
Let p(v) = -24*v + 9 + 11*v**2 - 64*v**2 + 21*v**2 + 2*v**3 + 10*v**2. Give p(12).
9
Suppose -9*t + 207 = -12*t. Let n = 41 + t. Let x be (-8)/n + (-19)/(-7). Let j(l) = -l**3 + 4*l**2 - l - 3. Determine j(x).
3
Let d(p) = 32 - 52 + 261*p**2 - 259*p**2 - 17*p. Determine d(13).
97
Let g = -169 + 163. Let v(z) = z**2 + 4*z - 1. Let c be v(g). Let r(a) = 2*a - 14. Calculate r(c).
8
Let f be 0*20/220*-1. Let k(b) = b**3 - 3*b - 81. What is k(f)?
-81
Suppose 2*f = 3*f. Suppose f*y + 2*y = 0. Let z(a) = -33*a - 37*a - 8 + 139*a - 32*a - 38*a. What is z(y)?
-8
Let j(k) = -274 + 593 - 220 - 57*k - 265. Calculate j(-3).
5
Suppose 16 = -4*z + 8*z. Let a(d) = d - 4. Let n(j) be the first derivative of 3*j**2 - 21*j - 54. Let l(g) = z*n(g) - 22*a(g). Determine l(-4).
-4
Let c = -12293 + 12284. Let i(x) = -x**3 - 11*x**2 - 11*x + 64. Give i(c).
1
Suppose -3*a - 3*n = -6, 2*n + 15 = 5*a - 30. Let l(k) = -k**2 + 4*k + 22. Let q be l(a). Let s be q/6 + ((-286)/12)/(-13). Let u(m) = 3*m - 3. Calculate u(s).
3
Let s(q) = -3*q + 9. Let c(d) = -d + 17. Let g(u) = -3*u + 32. Let t(f) = 5*c(f) - 3*g(f). Let z(k) = 5*s(k) + 4*t(k). Give z(-2).
-1
Let p(d) = -28460*d**2 - 28446*d**2 + 56909*d**2 + 2 - 25*d. Determine p(8).
-6
Let a be 1 + -2 - 390/(-5). Let v = a + -66. Let r = v + -9. Let q(b) = -5*b + 3. Calculate q(r).
-7
Suppose -13*s = -18*s - 10. Let o(w) = w**2 + w - 2. Let y(u) = -u**2. Let h(p) = -o(p) + 4*y(p). Calculate h(s).
-16
Let q(x) = -11*x**2 + x + 1. Let j(o) = -31*o**2 + 25*o - 106. Let r(n) = j(n) - 3*q(n). What is r(4)?
11
Let v(g) = 5*g**2 + 27*g. Suppose 48 = 5*k - 5*s - 12, 0 = -3*k - 5*s - 4. Let j(y) = -3*y**2 - 14*y + 1. Let l(n) = k*j(n) + 4*v(n). Calculate l(11).
-4
Let h(i) = -1 + 62*i - 194*i + 61*i + 78*i - 4. Calculate h(4).
23
Let l(b) = b**3 + 9*b**2 - 6*b - 2*b**2 - 4*b - 12. Let i be -4 + (-19 - -2) - (122 + -135). Determine l(i).
4
Let q(d) = -d**2 - 31*d - 2. Let b(w) = 2*w**2 + 84*w + 6. Let j(h) = -3*b(h) - 8*q(h). Calculate j(-4).
46
Let x = -26 + 23. Let c(t) = 3*t + 9. Give c(x).
0
Let y(o) = o**2 - 2*o. Let j(x) = x**3 + x**2 + 1. Suppose 4*l - 5*t = -2*t + 8, 0 = 4*l + 2*t - 8. Let p be j(l). Suppose -2 = -5*d + p. Determine y(d).
3
Suppose -2*k = -j + 5, -316*k - 2*j = -312*k + 30. Let t(y) = -y**3 - 3*y**2 + 15*y + 7. Calculate t(k).
-18
Let h(z) be the third derivative of z**6/120 - z**5/15 - z**4/12 + 2*z**3/3 - 4*z**2. Let t(y) = 110*y + 63. Let k be t(-6). Let a = k + 601. Calculate h(a).
-4
Let j(n) = n**3 - 10*n**2 + 49*n - 360. Let v be j(9). Let p(s) be the second derivative of v - 1/6*s**3 - 18*s + 3*s**2. Calculate p(5).
1
Let x(n) be the third derivative of -1/60*n**5 + 0*n - 2*n**2 + 7/24*n**4 - 29 - 1/2*n**3. Give x(6).
3
Let d(x) be the first derivative of 11*x**3/3 - x**2/2 + x - 4. Let z be 8/((-3)/(3/(-8))). Give d(z).
11
Suppose 0*c - 5*b - 304 = -4*c, -2*c + 150 = -3*b. Let w be ((-6)/(-10))/(81/90)*c. Let i(n